{"id":515,"date":"2025-08-30T00:39:05","date_gmt":"2025-08-30T00:39:05","guid":{"rendered":"https:\/\/sensopia.com.co\/?page_id=515"},"modified":"2025-08-30T00:39:06","modified_gmt":"2025-08-30T00:39:06","slug":"animales-consentidos","status":"publish","type":"page","link":"https:\/\/sensopia.com.co\/index.php\/animales-consentidos\/","title":{"rendered":"Animales ConSentidos"},"content":{"rendered":"<p><\/p><div class=\"wp-block-columns is-layout-flex wp-container-core-columns-is-layout-1 wp-block-columns-is-layout-flex\"><div class=\"wp-block-column is-layout-flow wp-block-column-is-layout-flow\" style=\"flex-basis:25%\"><\/div>\n\n<div class=\"wp-block-column is-layout-flow wp-block-column-is-layout-flow\" style=\"flex-basis:50%\"><h2 class=\"wp-block-heading\">Descubre c\u00f3mo otros seres experimentan el mundo<\/h2>\n\n<figure class=\"wp-block-image aligncenter size-full\"><img loading=\"lazy\" decoding=\"async\" width=\"591\" height=\"591\" src=\"http:\/\/sensopia.com.co\/wp-content\/uploads\/2025\/08\/Animales-con-sentido-impresion_stickerypostal_page-0004.jpg\" alt=\"\" class=\"wp-image-516\" srcset=\"https:\/\/sensopia.com.co\/wp-content\/uploads\/2025\/08\/Animales-con-sentido-impresion_stickerypostal_page-0004.jpg 591w, https:\/\/sensopia.com.co\/wp-content\/uploads\/2025\/08\/Animales-con-sentido-impresion_stickerypostal_page-0004-300x300.jpg 300w, https:\/\/sensopia.com.co\/wp-content\/uploads\/2025\/08\/Animales-con-sentido-impresion_stickerypostal_page-0004-150x150.jpg 150w, https:\/\/sensopia.com.co\/wp-content\/uploads\/2025\/08\/Animales-con-sentido-impresion_stickerypostal_page-0004-100x100.jpg 100w\" sizes=\"auto, (max-width: 591px) 100vw, 591px\" \/><\/figure>\n\n<p>Presentamos nuestro nuevo proyecto realizado con <a href=\"https:\/\/www.espora3d.com\/\" title=\"\">Espora3D<\/a>: <strong>Animales ConSentidos<\/strong>, un libro interactivo que combina ilustraci\u00f3n, juego, coloreado y realidad aumentada para descubrir c\u00f3mo los animales perciben el mundo de maneras sorprendentes.<\/p>\n\n<p>Este libro invita a ni\u00f1os y ni\u00f1as a explorar los <strong>sentidos m\u00e1s extraordinarios del reino animal<\/strong>. Desde la ecolocalizaci\u00f3n de los murci\u00e9lagos hasta la termorrecepci\u00f3n de las serpientes. Pasando por la vista panor\u00e1mica del camale\u00f3n o el olfato del perro, cada p\u00e1gina revela una forma distinta de sentir y comprender la vida en la naturaleza.<\/p>\n\n<h3 class=\"wp-block-heading\">Colorea, juega y descubre<\/h3>\n\n<p><strong>Animales ConSentidos<\/strong> est\u00e1 dise\u00f1ado para ser le\u00eddo, coloreado y explorado de forma libre. Las ilustraciones en puntos permiten unir siluetas y revelar poco a poco a cada especie. Una vez terminada la actividad, basta con escanear un <strong>c\u00f3digo QR especial<\/strong> para ver c\u00f3mo los animales cobran vida en realidad aumentada.<\/p>\n\n<p>De esta manera, el libro no solo fomenta la <strong>creatividad y la motricidad fina<\/strong>, sino que tambi\u00e9n despierta la curiosidad cient\u00edfica y el amor por la naturaleza. Es una experiencia inmersiva en la que el papel y lo digital se encuentran para invitar al asombro.<\/p>\n\n<h3 class=\"wp-block-heading\">Una experiencia sensorial \u00fanica<\/h3>\n\n<p>Cada animal es una puerta a un descubrimiento. \u00bfC\u00f3mo percibe la tierra un elefante africano a trav\u00e9s de las vibraciones? \u00bfDe qu\u00e9 manera el zorro \u00e1rtico logra sobrevivir gracias a su audici\u00f3n y olfato en medio del hielo? \u00bfQu\u00e9 tan lejos puede ver un \u00e1guila desde el cielo?<br>Preguntas como estas acompa\u00f1an el recorrido, invitando al lector a reflexionar, aprender y jugar.<\/p>\n\n<h3 class=\"wp-block-heading\">La primera postal ya est\u00e1 lista<\/h3>\n\n<figure class=\"wp-block-image aligncenter size-full is-resized\"><img loading=\"lazy\" decoding=\"async\" width=\"519\" height=\"591\" src=\"https:\/\/sensopia.com.co\/wp-content\/uploads\/2025\/08\/imagen.png\" alt=\"\" class=\"wp-image-518\" style=\"width:202px;height:auto\" srcset=\"https:\/\/sensopia.com.co\/wp-content\/uploads\/2025\/08\/imagen.png 519w, https:\/\/sensopia.com.co\/wp-content\/uploads\/2025\/08\/imagen-263x300.png 263w\" sizes=\"auto, (max-width: 519px) 100vw, 519px\" \/><\/figure>\n\n<p>El proyecto inicia con una <strong>postal en realidad aumentada<\/strong>, un adelanto exclusivo de lo que ser\u00e1 el libro completo. Al escanear el QR, los animales cobran vida directamente en tu pantalla, creando un v\u00ednculo inmediato entre el papel y la magia digital.<\/p>\n\n<p>Escan\u00e9a el QR y luego apunta la c\u00e1mara de tu celular a la postal impresa o a la imagen que encontrar\u00e1s a continuaci\u00f3n:<\/p>\n\n<figure class=\"wp-block-image size-full\"><img loading=\"lazy\" decoding=\"async\" width=\"591\" height=\"591\" src=\"https:\/\/sensopia.com.co\/wp-content\/uploads\/2025\/08\/Animales-con-sentido-impresion_stickerypostal_page-0002.jpg\" alt=\"\" class=\"wp-image-517\" srcset=\"https:\/\/sensopia.com.co\/wp-content\/uploads\/2025\/08\/Animales-con-sentido-impresion_stickerypostal_page-0002.jpg 591w, https:\/\/sensopia.com.co\/wp-content\/uploads\/2025\/08\/Animales-con-sentido-impresion_stickerypostal_page-0002-300x300.jpg 300w, https:\/\/sensopia.com.co\/wp-content\/uploads\/2025\/08\/Animales-con-sentido-impresion_stickerypostal_page-0002-150x150.jpg 150w, https:\/\/sensopia.com.co\/wp-content\/uploads\/2025\/08\/Animales-con-sentido-impresion_stickerypostal_page-0002-100x100.jpg 100w\" sizes=\"auto, (max-width: 591px) 100vw, 591px\" \/><\/figure>\n\n<p>Este es apenas el comienzo. Con <strong>Animales ConSentidos<\/strong> buscamos que m\u00e1s personas se acerquen a la biolog\u00eda y a la ciencia desde una experiencia interactiva y sensible, donde la imaginaci\u00f3n y el conocimiento caminan juntos.<\/p>\n\n<h3 class=\"wp-block-heading\">\u00danete al viaje<\/h3>\n\n<p>Muy pronto podr\u00e1s conocer m\u00e1s sobre este libro y hacer parte de la aventura. Te invitamos a seguir nuestro proyecto, explorar la primera postal y dejarte maravillar por la forma en que los animales nos ense\u00f1an a ver, oler, escuchar y sentir el mundo desde perspectivas completamente nuevas.<\/p>\n\n<p>S\u00edguenos en Instagram como <a href=\"https:\/\/www.instagram.com\/sensopiaxr\/\" title=\"\">@sensopiaxr<\/a> y <a href=\"https:\/\/instagram.com\/espora3d_oficial\" title=\"\">@espora3d_oficial<\/a><\/p>\n\n<p><\/p>\n\n<blockquote class=\"wp-block-quote is-layout-flow wp-block-quote-is-layout-flow\"><p class=\"has-text-align-center\"><strong>Animales ConSentidos: colorea, descubre y da vida a la naturaleza.<\/strong><\/p>\n\n<p><\/p><\/blockquote>\n\n<p class=\"has-text-align-center\">Todos los derechos reservados 2025<\/p><\/div>\n\n<div class=\"wp-block-column is-layout-flow wp-block-column-is-layout-flow\" style=\"flex-basis:25%\"><\/div><\/div><p><\/p>","protected":false},"excerpt":{"rendered":"<p>Descubre c\u00f3mo otros seres experimentan el mundo Presentamos nuestro nuevo proyecto realizado con Espora3D: Animales ConSentidos, un libro interactivo que combina ilustraci\u00f3n, juego, coloreado y realidad aumentada para descubrir c\u00f3mo los animales perciben el mundo de maneras sorprendentes. Este libro invita a ni\u00f1os y ni\u00f1as a explorar los sentidos m\u00e1s extraordinarios del reino animal. Desde la ecolocalizaci\u00f3n de los murci\u00e9lagos hasta la termorrecepci\u00f3n de las serpientes. Pasando por la vista panor\u00e1mica del camale\u00f3n o el olfato del perro, cada p\u00e1gina revela una forma distinta de sentir y comprender la vida en la naturaleza. Colorea, juega y descubre Animales ConSentidos est\u00e1<\/p>\n","protected":false},"author":1,"featured_media":516,"parent":0,"menu_order":0,"comment_status":"closed","ping_status":"closed","template":"","meta":{"om_disable_all_campaigns":false,"_monsterinsights_skip_tracking":false,"_monsterinsights_sitenote_active":false,"_monsterinsights_sitenote_note":"","_monsterinsights_sitenote_category":0,"footnotes":""},"class_list":["post-515","page","type-page","status-publish","has-post-thumbnail","hentry"],"aioseo_notices":[],"_links":{"self":[{"href":"https:\/\/sensopia.com.co\/index.php\/wp-json\/wp\/v2\/pages\/515","targetHints":{"allow":["GET"]}}],"collection":[{"href":"https:\/\/sensopia.com.co\/index.php\/wp-json\/wp\/v2\/pages"}],"about":[{"href":"https:\/\/sensopia.com.co\/index.php\/wp-json\/wp\/v2\/types\/page"}],"author":[{"embeddable":true,"href":"https:\/\/sensopia.com.co\/index.php\/wp-json\/wp\/v2\/users\/1"}],"replies":[{"embeddable":true,"href":"https:\/\/sensopia.com.co\/index.php\/wp-json\/wp\/v2\/comments?post=515"}],"version-history":[{"count":6,"href":"https:\/\/sensopia.com.co\/index.php\/wp-json\/wp\/v2\/pages\/515\/revisions"}],"predecessor-version":[{"id":525,"href":"https:\/\/sensopia.com.co\/index.php\/wp-json\/wp\/v2\/pages\/515\/revisions\/525"}],"wp:featuredmedia":[{"embeddable":true,"href":"https:\/\/sensopia.com.co\/index.php\/wp-json\/wp\/v2\/media\/516"}],"wp:attachment":[{"href":"https:\/\/sensopia.com.co\/index.php\/wp-json\/wp\/v2\/media?parent=515"}],"curies":[{"name":"wp","href":"https:\/\/api.w.org\/{rel}","templated":true}]}}