{"id":496,"date":"2025-08-06T18:15:42","date_gmt":"2025-08-06T18:15:42","guid":{"rendered":"https:\/\/sensopia.com.co\/?page_id=496"},"modified":"2025-08-06T19:31:39","modified_gmt":"2025-08-06T19:31:39","slug":"aqua-exploracion-del-cuerpo-en-el-agua","status":"publish","type":"page","link":"https:\/\/sensopia.com.co\/index.php\/aqua-exploracion-del-cuerpo-en-el-agua\/","title":{"rendered":"Aqua \u2013 Exploraci\u00f3n art\u00edstica del cuerpo en el agua"},"content":{"rendered":"<div class=\"wp-block-columns is-layout-flex wp-container-core-columns-is-layout-1 wp-block-columns-is-layout-flex\"><div class=\"wp-block-column is-layout-flow wp-block-column-is-layout-flow\" style=\"flex-basis:25%\"><\/div>\n\n<div class=\"wp-block-column is-layout-flow wp-block-column-is-layout-flow\" style=\"flex-basis:50%\"><p style=\"margin-top:0;margin-right:0;margin-bottom:0;margin-left:0\"><strong>Aqua<\/strong> es un proyecto art\u00edstico en desarrollo de Sensop\u00eda que explora c\u00f3mo el cuerpo humano interact\u00faa con el agua desde una perspectiva sensorial, energ\u00e9tica y simb\u00f3lica. Este trabajo nace de una pregunta fundamental: \u00bfc\u00f3mo se transforma nuestra percepci\u00f3n cuando nos sumergimos en un medio que lo altera todo? Esta exploraci\u00f3n art\u00edstica propone el medio acu\u00e1tico como un territorio creativo en el que el cuerpo responde, se adapta y se transforma.<\/p>\n\n<p>Se experimenta con formas de movimiento fluido, desplazamientos org\u00e1nicos y ritmos internos. Estos surgen del contacto con la resistencia, la temperatura y la vibraci\u00f3n del agua. El entorno l\u00edquido activa memorias f\u00edsicas, percepciones internas y una relaci\u00f3n distinta con la gravedad y el espacio.<\/p>\n\n<p>El agua, en este contexto, no es solo un soporte f\u00edsico. Se convierte en un agente activo que estimula la escucha corporal y la conciencia expandida. La investigaci\u00f3n se enfoca en c\u00f3mo el cuerpo habita el entorno l\u00edquido y c\u00f3mo este medio afecta las emociones, la respiraci\u00f3n y la percepci\u00f3n.<\/p>\n\n<figure class=\"wp-block-embed is-type-video is-provider-youtube wp-block-embed-youtube wp-embed-aspect-16-9 wp-has-aspect-ratio\"><div class=\"wp-block-embed__wrapper\">\n<iframe loading=\"lazy\" title=\"AQUA\" width=\"500\" height=\"281\" src=\"https:\/\/www.youtube.com\/embed\/O40fdIvryhg?feature=oembed\" frameborder=\"0\" allow=\"accelerometer; autoplay; clipboard-write; encrypted-media; gyroscope; picture-in-picture; web-share\" referrerpolicy=\"strict-origin-when-cross-origin\" allowfullscreen><\/iframe>\n<\/div><\/figure>\n\n<p><strong>Aqua<\/strong> tambi\u00e9n plantea una reflexi\u00f3n sobre el v\u00ednculo entre el arte, el cuerpo y la ecolog\u00eda. Desde la creaci\u00f3n esc\u00e9nica, propone un enfoque sensible y po\u00e9tico sobre nuestra relaci\u00f3n con los elementos vitales. El agua es aqu\u00ed s\u00edmbolo de transformaci\u00f3n, memoria, fluidez y cuidado.<\/p>\n\n<p>Este proyecto se relaciona con las exploraciones anteriores realizadas por el colectivo <a href=\"https:\/\/www.instagram.com\/arte.ecos\/\" target=\"_blank\" rel=\"noopener\" title=\"\">Ecos Arte y Tecnolog\u00eda<\/a>, en torno al agua, su ciclo y los seres que habitan este medio. Las obras m\u00e1s reconocidas del colectivo son <a href=\"https:\/\/youtu.be\/a_Uc6ejx30s?si=A2kXctPzPTU-Hife\" target=\"_blank\" rel=\"noopener\" title=\"\">Latidos Marinos<\/a> y <a href=\"https:\/\/www.youtube.com\/watch?v=IweDkGNaQjA&amp;ab_channel=EcosArteyTecnolog%C3%ADa\" target=\"_blank\" rel=\"noopener\" title=\"\">Fluir<\/a>.<\/p>\n\n<p><strong>Sigue atento a nuestras <a href=\"https:\/\/sensopia.com.co\/index.php\/blog\/\" title=\"Blog\">novedades<\/a><\/strong> para conocer el avance de este y otros proyectos que cruzan arte, cuerpo y ecolog\u00eda.<\/p><\/div>\n\n<div class=\"wp-block-column is-layout-flow wp-block-column-is-layout-flow\" style=\"flex-basis:25%\"><\/div><\/div>","protected":false},"excerpt":{"rendered":"<p>Aqua es un proyecto art\u00edstico en desarrollo de Sensop\u00eda que explora c\u00f3mo el cuerpo humano interact\u00faa con el agua desde una perspectiva sensorial, energ\u00e9tica y simb\u00f3lica. Este trabajo nace de una pregunta fundamental: \u00bfc\u00f3mo se transforma nuestra percepci\u00f3n cuando nos sumergimos en un medio que lo altera todo? Esta exploraci\u00f3n art\u00edstica propone el medio acu\u00e1tico como un territorio creativo en el que el cuerpo responde, se adapta y se transforma. Se experimenta con formas de movimiento fluido, desplazamientos org\u00e1nicos y ritmos internos. Estos surgen del contacto con la resistencia, la temperatura y la vibraci\u00f3n del agua. El entorno l\u00edquido activa<\/p>\n","protected":false},"author":1,"featured_media":501,"parent":0,"menu_order":0,"comment_status":"closed","ping_status":"closed","template":"","meta":{"om_disable_all_campaigns":false,"_monsterinsights_skip_tracking":false,"_monsterinsights_sitenote_active":false,"_monsterinsights_sitenote_note":"","_monsterinsights_sitenote_category":0,"footnotes":""},"class_list":["post-496","page","type-page","status-publish","has-post-thumbnail","hentry"],"aioseo_notices":[],"_links":{"self":[{"href":"https:\/\/sensopia.com.co\/index.php\/wp-json\/wp\/v2\/pages\/496","targetHints":{"allow":["GET"]}}],"collection":[{"href":"https:\/\/sensopia.com.co\/index.php\/wp-json\/wp\/v2\/pages"}],"about":[{"href":"https:\/\/sensopia.com.co\/index.php\/wp-json\/wp\/v2\/types\/page"}],"author":[{"embeddable":true,"href":"https:\/\/sensopia.com.co\/index.php\/wp-json\/wp\/v2\/users\/1"}],"replies":[{"embeddable":true,"href":"https:\/\/sensopia.com.co\/index.php\/wp-json\/wp\/v2\/comments?post=496"}],"version-history":[{"count":5,"href":"https:\/\/sensopia.com.co\/index.php\/wp-json\/wp\/v2\/pages\/496\/revisions"}],"predecessor-version":[{"id":514,"href":"https:\/\/sensopia.com.co\/index.php\/wp-json\/wp\/v2\/pages\/496\/revisions\/514"}],"wp:featuredmedia":[{"embeddable":true,"href":"https:\/\/sensopia.com.co\/index.php\/wp-json\/wp\/v2\/media\/501"}],"wp:attachment":[{"href":"https:\/\/sensopia.com.co\/index.php\/wp-json\/wp\/v2\/media?parent=496"}],"curies":[{"name":"wp","href":"https:\/\/api.w.org\/{rel}","templated":true}]}}